 + 87*d**2 + 1688*d + 366. Calculate h(-58).
18
Let v(k) = 49*k**2 + 8425*k - 840. Give v(-172).
-324
Let j(y) = -34897*y + 6281456. Calculate j(180).
-4
Let p(n) = -n**2 + 44634*n - 133895. Determine p(3).
-2
Let u(i) = 1128*i**2 + 109*i - 92. What is u(1)?
1145
Let n(c) = c**3 + 40*c**2 - 107*c + 951. Determine n(-43).
5
Let w(m) = -52000*m + 259998. Give w(5).
-2
Let m(p) = -6*p**3 - 110*p**2 - 27*p + 40. What is m(-18)?
-122
Let m(b) = 505254*b - 1010498. Give m(2).
10
Let o(f) = -f**3 + 9*f**2 - 13*f + 200. Determine o(9).
83
Let x(k) = 40*k + 1393. Give x(-38).
-127
Let o(h) = -17*h**2 - 20*h + 470. Determine o(-5).
145
Let l(g) = -g**3 + 57*g**2 - 257*g + 231. Calculate l(52).
387
Let h(s) = 8*s**3 + 205*s**2 - 220*s + 8738. Calculate h(-28).
2
Let a(u) = -7669*u + 283779. Calculate a(37).
26
Let l(v) = v**2 + 46*v + 322. Give l(-30).
-158
Let p(s) = -s**2 - 1054*s - 12513. What is p(-12)?
-9
Let f(b) = -18536*b + 556081. Determine f(30).
1
Let b(o) = 188*o + 13268. Calculate b(-85).
-2712
Let r(f) = -12186*f + 182792. Calculate r(15).
2
Let o(a) = -34201*a + 342164. Determine o(10).
154
Let z(d) = 246583*d + 5. Calculate z(0).
5
Let v(a) = -a**2 - 180*a - 4715. Give v(-36).
469
Let n(s) = -15649*s + 469491. What is n(30)?
21
Let i(s) = -276*s - 80525. Give i(-309).
4759
Let q(h) = h**3 - 5*h**2 + 61*h + 337. Determine q(-6).
-425
Let v(n) = -4662*n + 4937065. Calculate v(1059).
7
Let b(m) = 213*m - 17019. Calculate b(82).
447
Let p(v) = -71990*v + 464. Calculate p(0).
464
Let t(y) = -111754*y + 447012. Determine t(4).
-4
Let z(o) = 64239*o + 2248381. What is z(-35)?
16
Let i(b) = -b**3 - 17*b**2 - 97*b - 111. Give i(-9).
114
Let y(c) = 218*c + 61. Calculate y(-2).
-375
Let v(a) = -261*a**2 + 1875*a + 1. Determine v(7).
337
Let q(i) = 2*i**3 + 26*i**2 - 19*i - 104. Calculate q(-13).
143
Let l(y) = -28*y**3 + 282*y**2 + 564*y - 5834. Determine l(10).
6
Let a(q) = -451*q - 5216. Calculate a(-12).
196
Let u(a) = -9*a**2 - 246*a - 18. Determine u(-27).
63
Let q(b) = -15*b**3 + 78*b**2 - 4*b + 2. What is q(5)?
57
Let g(w) = -2*w**2 + 17685*w - 458617. Give g(26).
-159
Let v(c) = 390*c**2 - 687*c - 686. Calculate v(-1).
391
Let k(v) = -38498*v + 269653. Determine k(7).
167
Let m(a) = 123*a**2 + 43*a - 498. Give m(6).
4188
Let i(c) = -15*c**2 + 197*c + 580. Calculate i(-3).
-146
Let r(k) = 9*k**2 - 973*k + 171. Calculate r(108).
63
Let q(o) = 3*o**3 + 38*o**2 + 21*o + 435. Determine q(-13).
-7
Let n(p) = -p**2 + 81248*p - 568689. What is n(7)?
-2
Let s(f) = 70021*f - 630169. What is s(9)?
20
Let x(f) = 2*f**3 + 5*f**2 + 110*f + 666. Calculate x(-5).
-9
Let o(q) = -4*q**2 - 16*q + 972. Determine o(11).
312
Let k(o) = -6845*o - 1923514. Calculate k(-281).
-69
Let w(i) = -18832*i - 1205174. Determine w(-64).
74
Let k(b) = b**3 + 22*b**2 - 188*b - 51. What is k(7)?
54
Let y(h) = -531*h - 27457. Determine y(-55).
1748
Let c(w) = -w**2 - 8880*w - 415167. Determine c(-47).
-16
Let r(p) = 130933*p - 916538. What is r(7)?
-7
Let q(s) = -6050*s + 84627. What is q(14)?
-73
Let t(a) = 167494*a - 2512430. Give t(15).
-20
Let x(c) = -12*c**3 + 1390*c**2 + 15353*c + 2390. What is x(126)?
-4
Let f(r) = -3*r**3 + 275*r**2 - 705*r - 627. What is f(89)?
-4
Let j(n) = n**2 + 1209*n - 80085. Calculate j(63).
51
Let j(i) = -2057*i + 1112. Calculate j(2).
-3002
Let x(l) = 1039*l + 27050. Give x(-26).
36
Let s(n) = 4607*n + 340894. Determine s(-74).
-24
Let x(f) = -120912*f - 362685. Give x(-3).
51
Let l(h) = 44*h**3 - 9*h**2 + 44*h - 21. What is l(3)?
1218
Let b(o) = -103229*o + 1651641. Give b(16).
-23
Let u(g) = -10*g**3 + 1179*g**2 - 4716*g + 34. Give u(4).
-606
Let w(m) = -18*m**2 - 516*m - 2367. What is w(-23)?
-21
Let a(n) = -233*n**2 - 2600*n - 23. What is a(-12)?
-2375
Let l(y) = -y**2 - 103843*y - 1142146. Determine l(-11).
6
Let z(j) = 1279*j + 647168. What is z(-506)?
-6
Let l(n) = n**2 - 2188*n - 32734. Calculate l(-15).
311
Let f(q) = 34*q**3 - 520*q**2 + 156*q - 87. Calculate f(15).
3
Let w(j) = 14*j**3 - 68*j**2 - 3646*j + 18171. Calculate w(5).
-9
Let w(f) = 10*f**2 + 4554*f + 1854. Calculate w(-455).
34
Let d(z) = -19*z**2 - 1794*z - 27522. Calculate d(-75).
153
Let i(g) = -5*g**2 - 236*g - 229. Calculate i(-1).
2
Let j(o) = 92*o**2 + 373*o - 441. Give j(-5).
-6
Let f(g) = g**2 - 4*g - 13418. Determine f(117).
-197
Let v(z) = 78*z**2 - 114*z + 233. Determine v(2).
317
Let y(b) = -b**3 + 13*b**2 + 3202*b - 41620. Give y(13).
6
Let u(n) = -4*n**3 + 363*n**2 - 304*n + 35996. Give u(91).
51
Let q(m) = -8*m**3 + 293*m**2 - 1353*m + 13068. Calculate q(33).
0
Let r(z) = -18*z**2 + 20549*z + 362754. Calculate r(1159).
-13
Let n(u) = u**3 + 88*u**2 + 1393*u - 1214. Determine n(-22).
84
Let p(y) = -y**2 + 21831*y - 414434. Determine p(19).
-6
Let c(f) = -1251*f + 5562. What is c(8)?
-4446
Let r(o) = o**2 + 2*o - 1130. Determine r(35).
165
Let d(k) = 1358*k + 12901. Determine d(-10).
-679
Let u(h) = h**2 + 34*h - 2632. Give u(47).
1175
Let x(q) = -4*q**3 + q**2 + 56*q + 52. Calculate x(-7).
1081
Let q(l) = -54*l**3 + 239*l**2 + 238*l - 2. Give q(-1).
53
Let c(t) = 285*t - 316. What is c(1)?
-31
Let f(w) = w**3 - 156*w**2 + 4315*w - 692. What is f(120)?
-1292
Let c(z) = -7*z**3 + 25*z**2 + 761*z - 2317. Give c(3).
2
Let o(f) = f**3 - 51*f**2 + 401*f - 231. Determine o(9).
-24
Let w(l) = -3351*l - 656807. Calculate w(-196).
-11
Let b(w) = 44776*w**2 - 179114*w - 5. Determine b(4).
-45
Let l(k) = 1041*k - 85381. Give l(82).
-19
Let y(h) = 9250*h + 1794494. Determine y(-194).
-6
Let v(n) = 17*n**2 + 4876*n - 24800. Give v(5).
5
Let i(m) = 953*m + 329739. Calculate i(-346).
1
Let p(l) = 3*l**3 + 41*l**2 - 640*l + 154. Determine p(-23).
62
Let t(d) = d**3 + 442*d**2 + 5141*d - 8128. What is t(-430)?
42
Let z(p) = 8587*p + 25636. What is z(-3)?
-125
Let g(h) = h**3 - 2*h**2 + 4846*h + 29034. Determine g(-6).
-330
Let w(d) = 253*d**2 + 918*d - 1170. Calculate w(1).
1
Let l(v) = -2*v**2 + 197*v + 2767. What is l(111)?
-8
Let s(a) = -2*a**3 + 213*a**2 - 15*a + 13178. Give s(107).
124
Let x(p) = -6*p**3 - 13509*p**2 - 20236*p + 31506. What is x(-2250)?
6
Let z(t) = -20947*t - 83853. What is z(-4)?
-65
Let x(c) = 2*c**3 + 19*c**2 + 303*c + 2938. What is x(-10)?
-192
Let a(c) = -311*c + 15366. Calculate a(50).
-184
Let z(i) = 10*i**2 + 87*i - 534. Calculate z(5).
151
Let j(o) = -676*o + 89903. Give j(133).
-5
Let d(x) = 5406*x + 92140. Calculate d(-17).
238
Let j(u) = u**3 - 64*u**2 + 87*u - 1517. Calculate j(63).
-5
Let u(n) = 66*n - 2171. Determine u(24).
-587
Let y(f) = 948*f - 348844. Give y(368).
20
Let l(i) = -i**2 - 3622*i + 716351. Determine l(188).
71
Let x(m) = -850*m - 30730. What is x(-36)?
-130
Let n(g) = -30*g**3 + 8997*g**2 + 904*g - 914. Calculate n(300).
286
Let l(k) = -52*k**2 - 55*k + 141. What is l(4)?
-911
Let g(z) = 368*z + 2289. What is g(-5)?
449
Let w(x) = 6901*x - 75938. Calculate w(11).
-27
Let c(y) = 23899*y - 573579. What is c(24)?
-3
Let a(g) = -4*g**2 - 506*g + 43777. Give a(59).
-1
Let r(d) = 36*d**2 - 7*d - 266. What is r(-6)?
1072
Let n(u) = 276953*u - 11632020. Determine n(42).
6
Let v(h) = h**3 + 21*h**2 + 165*h + 4019. Calculate v(-21).
554
Let b(r) = r**2 + 425*r - 34322. Calculate b(70).
328
Let s(n) = 133*n**2 - 1080*n + 1749. What is s(6)?
57
Let u(n) = n**3 - 28*n**2 - 113*n - 248. Calculate u(30).
-1838
Let f(j) = 61*j**2 - 523*j - 240. Calculate f(9).
-6
Let h(r) = -540514*r + 6486145. Calculate h(12).
-23
Let r(k) = -3*k**2 + 1913*k - 108105. Give r(575).
-5
Let x(r) = -8284005*r + 24852005. Calculate x(3).
-10
Let f(z) = z**3 - 15*z**2 + 224*z - 2404. Determine f(11).
-424
Let z(i) = -6*i**2 + 16*i - 352. Determine z(13).
-1158
Let g(h) = -h**2 + 4004*h + 1090567. Determine g(-256).
7
Let q(a) = -2*a**3 - 34*a**2 + 3892*a + 66169. Determine q(-17).
5
Let a(u) = -u**3 - 66*u**2 - 86*u + 6562. Determine a(-63).
73
Let r(t) = -4*t**3 + 39*t**2 - 24*t - 244. Calculate r(8).
12
Let s(l) = 2*l**3 - 107*l**2 + 62*l + 45. Give s(53).
522
Let g(b) = b**3 + 621*b**2 - 1645*b - 1404308. Give g(-620).
-8
Let l(w) = -8*w**2 + 59*w - 693. Give l(10).
-903
Let m(r) = 9*r**2 + 1082*r + 14357. Calculate m(-105).
-28
Let p(i) = i**2 + 41*i + 1104. Determine p(-27).
726
Let l(j) = 15959*j - 5952673. Calculate l(373).
34
Let y(n) = -n**3 - 86